 54 + (19 - (106 + 10))?
-43
Calculate 1 + (-8 - ((2 - 9) + -7) - (-86 - -3)).
90
What is 14 + 28 + -39 - (3 + (-6 - -82))?
-76
Calculate (-20 - (4 + -17)) + 8 + 102.
103
Calculate (-35 - (-31 + 51)) + 5 + 4 + 0.
-46
-267 + 169 - (-73 + -8)
-17
What is the value of -2 - (41 - 19 - (45 + 2))?
23
Calculate (56 - (4 - (0 - (1 + 2)))) + (-114 - -118).
53
What is (-68 - -27) + 39 - (-23 - -6)?
15
What is -66 - ((13 - 2) + (-384 - -392 - (3 - -1)))?
-81
Evaluate (24 - -3 - (-31 + 37)) + 2.
23
What is -109 + 77 + -53 + (-4 - -6)?
-83
What is 1011 + -1023 - (12 - (2 + (-3 - -1)))?
-24
What is the value of 65 - 73 - (4 - (-3 - (-14 + -2)))?
1
Calculate (-36 - (2 - (12 + 9)) - -7) + 32.
22
What is the value of -2 + 1 + (71 - 12) + (-40 - -31)?
49
Calculate 1 + (18 - 6) + 36 + -57 + -2 + 86.
76
Evaluate -16 - ((12 - 16) + -3) - -1 - -23.
15
Evaluate (1 + -23 + 19 - 50) + 5.
-48
89 + 60 + (-62 - 26)
61
Calculate (-9 - ((18 - 31) + -20)) + 19.
43
What is the value of 138 + -47 + -55 + 40?
76
232 - 252 - (0 - 32)
12
Calculate 4 + 4 + -1 + -2 - (290 - 330).
45
Calculate -2 + 42 + -2 + -175 + 176.
39
Evaluate (9 - 1) + (-327 - -297) - 3.
-25
Calculate (44 - 42) + 7 + (-1 - 18) + 49.
39
What is the value of (-36 - -4) + (39 - -36)?
43
What is the value of (0 - -2 - -2) + 0 - (-10 + 6 + 26)?
-18
What is the value of 150 + -74 + -108 + 122?
90
What is the value of 34 + 0 - (126 + -118)?
26
What is the value of 1 + 0 + -15 + (-83 + 54 - -37) - -91?
85
What is the value of 0 + 90 - (-5690 - -5728)?
52
Evaluate -75 + -9 + 17 + -13 + (7 + 0 - -4).
-69
What is 12 - (-23 + 11 - -10)?
14
What is the value of 4 + -6 + 32 + -13?
17
What is the value of (-2 - (88 - -10)) + (-14 - 10) + 14?
-110
What is the value of 5 + -25 + -2 - (-35 - (12 - 114))?
-89
What is -69 - (-62 + 29 - 88)?
52
5 + (2 - 9) - 7 - (-7 + 3 + 2)
-7
What is (-38 - 55) + 17 - -86?
10
Calculate (-150 - -46) + (-2 - -10) + (18 - 15) + 5.
-88
What is the value of 10 + -2 + -6 - (99 + -3) - (472 - 462)?
-104
What is -13 + -2 + (154 - 196) - 4?
-61
What is -35 + (-6 - (-14 + -31)) + (1 - -57)?
62
Evaluate -1 - 30 - (-1245 - -1173).
41
Calculate 779 + -763 - (1 + (109 - 2)) - (8 + 6).
-106
(14 + -8 - -3) + (39 - 0) + -9
39
-22 + (13 - (18 + 1 + 12)) + -7
-47
13 + (-22 - (-20 - (-15 - -9)))
5
(42 - (75 - 46)) + (2 - 108)
-93
(-67 - -78) + -2 + -1 + 0 + -35
-27
What is the value of (-37 - (-27 + 60)) + 96?
26
5 - (2 + 8 - (1 + 12)) - (87 + -20)
-59
Calculate (16 - (-4 - -7)) + -8 + -9 + 7.
3
-2 + 3 - (-64 + 18) - (10 - (30 + -13))
54
Evaluate -50 + (2 - 68 - -80).
-36
Calculate 36 + -29 + 44 - 70.
-19
Evaluate -15 + -5 + -15 + 53.
18
Calculate 28 + -54 + 39 + -39.
-26
Calculate -359 + 368 - (-1 + 12 - -5).
-7
What is the value of (-60 - -15 - -36) + -47 + 9?
-47
What is the value of (0 + 2 - (-2 - -6) - -11) + (-11 - -16)?
14
What is the value of (-16 - 52) + (-81 - -148)?
-1
Calculate -52 + (-8 + 1 - (178 - 152)).
-85
What is 0 + 88 + 8250 + -8254?
84
What is the value of -15 + 24 + -33 + -4 + 13?
-15
What is (-2 - 72) + (34 - (-3 + 20))?
-57
What is the value of (-238 - -236 - (3 + -2 - 10) - -9) + 6?
22
Calculate -43 + 10 - (-140 + 61).
46
What is the value of (-5 + -7 - 122) + -59 + 83?
-110
7 + 5 + 6 - (6 + -1) - (43 + -106)
76
Evaluate (720 - 715) + (-1 - -26).
30
Evaluate 3 + -32 - (54 + 42 + -125).
0
What is the value of (4 - 24) + 2 + (12 - (14 - 5))?
-15
What is the value of (-36 - (2 - 1)) + (109 - (201 + -90))?
-39
Calculate 45 + -36 + -1 + -13.
-5
What is (1 + 22 + -3 - 28) + -1 + (6 - 3)?
-6
What is the value of -60 - (-73 + 12 + 56)?
-55
Calculate 61 + (67 - -1 - 89 - (-42 - -2)).
80
What is (14 - -40) + (-26 - (-16 + 5))?
39
What is the value of 1 - 17 - ((42 - (-41 + 216)) + -9)?
126
What is 0 - 33 - -34 - -4 - 30?
-25
Calculate -14 + (1 + 27 + (-91 - -76) - -3).
2
Evaluate 54 - (52 + 6 + -10).
6
Evaluate -10 - (-57 - (7 - 117)).
-63
Calculate 9 + 93 + 43 + -36.
109
Evaluate 56 + 50 + -88 + 8.
26
What is the value of -11 - -1 - (5 - (53 + -33))?
5
What is the value of 2 + -17 + 41 + (-66 - -38)?
-2
What is the value of (844 + -781 - (-25 - 1)) + 22?
111
11 + (-28 - (-15 - 92))
90
Calculate 1299 + -1337 + (4 - (2 + -1 + 1 - 0)).
-36
What is the value of -691 - -700 - (-15 - ((3 - -1) + -8))?
20
-107 - (-1 + (5 - 2) + -665 + 666)
-110
What is -21 + (-36 + 50 - (-1 + 2))?
-8
-1 + -5 + (10 - -1) + -108 + 22
-81
Evaluate (42 + -59 - -23) + (-21 + 1 - (4 - 6)).
-12
What is -27 + (0 - -38) + 35 - (-3 - -17)?
32
What is 4 + (8 - 4) - (27 - (23 + -11 - -14))?
7
What is 11 - (54 - (-57 - -12 - -55 - (0 + 1)))?
-34
Calculate 26 + (10 - 21) + -8 + -8 + 56.
55
What is -10 - (-7 + 1 - (-495 + 492))?
-7
What is (27 - 44) + (-10 - -43)?
16
What is the value of 41 + (-111 - -130 - (11 - (3 - 3)))?
49
Calculate 1 + (-6 - -3) + 391 + -423 + 2.
-32
What is the value of 27 - (-43 + 89 - -28)?
-47
What is 16 + -9 + 43 + -14 + 12 + -2?
46
What is 168 + -110 + -36 + 5?
27
75 - 3 - 26 - ((-6 - -6) + 6)
40
What is the value of -7 + (-5 - -24) + 88 + 11 - 5?
106
76 + (-1 - -6) + (-31 - -31 - -7)
88
Evaluate (-41 + 6 - 33) + (-2 - (-2 + 5)) + 11.
-62
6 + (2 - 1) + ((31 - -45) + -36 - -38)
85
What is the value of (4 - 2 - 18) + -4973 + 4969?
-20
-8 - (-11 + -5 + 54)
-46
Evaluate -17 + (41 + 6 - 41).
-11
Calculate 5 - 10 - (34 - (-1 + -9 - (48 + -50))).
-47
What is (1 + -1 - ((18 - 3 - 12) + -10)) + 35?
42
Calculate -947 + 969 + -77 + -2.
-57
Calculate (-85 - 1) + 3237 + -3219.
-68
What is (31 - (-30 - (-86 + 52))) + -62?
-35
16 + (33 - (40 + -26)) + -157
-122
What is 1391 + -1329 - (3 - -38)?
21
What is (74 - -1) + 0 + (-20 - -2 - (-2979 + 2953))?
83
Evaluate -3751 + 3761 - (1 - -8).
1
-27 + 2 - (12 + -13 + -35 + 59)
-48
(13 - 23 - (-4 + (3 - 0))) + 0 + 8
-1
What is the value of (-3 - (67 + -82)) + 20?
32
What is -102 - (-84 + 56 - 12)?
-62
-2 - (28 + 20) - -45 - -18
13
-4 + -4 + -22 + (19 - (-16 - -28 - 2))
-21
What is the value of 84 - (-21 + (-4 - -53))?
56
What is the value of -42 - (-37 - -108 - -7)?
-120
(-28 + (9 - 8) - -22) + 44
39
113 + -52 + 67 + -69
59
What is the value of -7 + (55 - 26 - 28 - (-6 - -54))?
-54
What is the value of 10 + -33 + 55 + -11?
21
1 + -10 - (3 + (-8 + 0 - 7) + -6)
9
What is 27 + -13 + 2 + -2 + 4 + 3?
21
Evaluate 51 + -94 + -5 - -17.
-31
Evaluate 114 + (22 - 49) + 1 + -20.
68
What is the value of 3 + (-1693 - -1687) + (1 - (-1 + 59))?
-60
Evaluate 9 + (-1 - 10 - (-39 + 34)) + 17.
20
What is the value of -3 - -38 - (-42 - (-86 - -16))?
7
What is the value of (15 - -65 - 84) + (5 - (2 + (0 - 94)))?
93
What is the value of -19 + (-193 - -224) - (4 - (0 - 4 - -2))?
6
What is (-41 + 46 - 25) + 85?
65
What is 1 - -45 - (130 + -49 + -55)?
20
Calculate -1 + (6 - -3) + -2 + (-571 - -549).
-16
-319 - -320 - (-30 - -1)
30
What is (30 - -7) + -96 - (0 + 1 - 8)?
-52
147 - (-60 - -132 - -11)
64
What is the value of 18 + -55 - (5 + -7 + -3 + 11)?
-43
Calculate 9 + (2636 - 2635 - (1 + -34 + -1)).
44
Evaluate 38 + -86 + 76 + (0 - 0 - -1) + 1.
30
Calculate 132 - (148 + -160 - (-28 - 6)).
110
Evaluate 17 + -4 + 0 - (65 + 0 + -10).
-42
What is (7 - (-45 + -5 + 19)) + (1 - -6)?
45
Calculate -5 + (-20 + -1 + 5 - -73) - -4.
56
Evaluate (-11 + 5 - (-20 - -10 - -13)) + -27.
-36
Evaluate 68 + (-18 - (102 + 3)).
-55
What is the value of -43 - (-11 - (-25 - 22))?
-79
Calculate (26 + 41 - -24) + -170.
-79
Calculate 4 + 80 + -2106 + 2038.
16
What is 2204 + -2263 - (-106 + 1)?
46
-170 - ((-98 - 29) + -113)
70
Evaluate 3 - (41 - 21) - (-39 - -49).
-27
(16 - (-1 - -3)) + (14 - (-80 - -59))
49
What is the value of 16 + 58 + -60 + (-3 - 19)?
-8
-49 + (0 + -9 - (-32 + 8 - -14))
-48
Evaluate 28 + -11 + 180 + -222.
-25
What is 23 - (24 - 3) - (50 - 3)?
-45
-2 + 2 + 61 + 3501 + -3501
61
Evaluate (6 - 43) + 42 + -81.
-76
What is the value of 20 + (7 + (24 - (16 - 2)) - -56)?
93
What is 3 - 120 - (171 + -153 + (-37 - 0) + 14)?
-112
What is 108 - (-25 + 30 + -26 + 40)?
89
What is the value of (-4 - -14 - (-12 - -5)) + -4?
13
(3 + -30 - -43) + 36 - (9 - 1)
44
-443 - -407 - (4 + -26)
-14
Evaluate -1 + (-25 - (-23 - -8)).
-11
What is the value of 37 + 99 + (16 - 215)?
-63
What is -2 + (0 + -48 + -1 - (-76 + 169 + -103))?
-41
Calculate 114 - 43 - (-19 - -110).
-20
-24 + (32 - -31 - -23)
62
What is (-7 - -3) + -10 + -68 + 101?
19